ime factors of 560705?
5, 127, 883
List the prime factors of 117439.
7, 19, 883
List the prime factors of 14065126.
2, 47, 149629
List the prime factors of 33636.
2, 3, 2803
List the prime factors of 31275.
3, 5, 139
List the prime factors of 19456056.
2, 3, 270223
What are the prime factors of 5829008?
2, 364313
What are the prime factors of 2606321?
17, 153313
What are the prime factors of 6361919?
6361919
List the prime factors of 12751507.
67, 190321
List the prime factors of 23016944.
2, 653, 2203
List the prime factors of 2199761.
37, 59453
List the prime factors of 13365712.
2, 31, 26947
What are the prime factors of 20622105?
3, 5, 7, 17, 3851
List the prime factors of 530694.
2, 3, 29483
List the prime factors of 1083323.
19, 23, 37, 67
List the prime factors of 282127.
282127
List the prime factors of 358254.
2, 3, 13, 1531
List the prime factors of 37318146.
2, 3, 691, 9001
List the prime factors of 120965.
5, 13, 1861
List the prime factors of 9782723.
41, 269, 887
List the prime factors of 11633133.
3, 37, 104803
What are the prime factors of 1158107?
19, 60953
What are the prime factors of 4847786?
2, 131, 18503
List the prime factors of 23558163.
3, 7852721
List the prime factors of 372711.
3, 283, 439
List the prime factors of 139410.
2, 3, 5, 1549
List the prime factors of 1283330.
2, 5, 17, 7549
What are the prime factors of 1270638?
2, 3, 73, 967
What are the prime factors of 374291?
374291
List the prime factors of 161466.
2, 3, 17, 1583
What are the prime factors of 3405892?
2, 7, 17377
What are the prime factors of 394901?
13, 37, 821
List the prime factors of 162357.
3, 13, 23, 181
List the prime factors of 296022.
2, 3, 103, 479
What are the prime factors of 23859?
3, 11, 241
List the prime factors of 131844.
2, 3, 10987
What are the prime factors of 2720084?
2, 29, 131, 179
What are the prime factors of 148102?
2, 74051
List the prime factors of 3107911.
43, 72277
What are the prime factors of 7532784?
2, 3, 7, 47, 53
List the prime factors of 18190.
2, 5, 17, 107
List the prime factors of 2434193.
37, 65789
List the prime factors of 466196.
2, 116549
List the prime factors of 5809545.
3, 5, 7, 18443
List the prime factors of 91431.
3, 10159
What are the prime factors of 114578?
2, 59, 971
What are the prime factors of 232506?
2, 3, 12917
What are the prime factors of 1404649?
1404649
List the prime factors of 425503.
13, 71, 461
List the prime factors of 210771.
3, 11, 2129
List the prime factors of 13358725.
5, 131, 4079
What are the prime factors of 10700?
2, 5, 107
What are the prime factors of 35873868?
2, 3, 37, 43, 1879
List the prime factors of 25063.
71, 353
What are the prime factors of 2173440?
2, 3, 5, 283
What are the prime factors of 409787?
7, 8363
What are the prime factors of 22628460?
2, 3, 5, 37, 10193
List the prime factors of 1511110.
2, 5, 137, 1103
List the prime factors of 449002.
2, 224501
List the prime factors of 739305.
3, 5, 7, 2347
List the prime factors of 11048865.
3, 5, 31, 23761
What are the prime factors of 22447292?
2, 7, 16361
What are the prime factors of 40733321?
19, 2143859
What are the prime factors of 9794334?
2, 3, 11, 148399
List the prime factors of 7132884.
2, 3, 11, 54037
What are the prime factors of 3351344?
2, 209459
What are the prime factors of 11423312?
2, 713957
What are the prime factors of 5552441?
31, 179111
What are the prime factors of 19488756?
2, 3, 7, 19, 12211
List the prime factors of 3156732.
2, 3, 9743
List the prime factors of 951752.
2, 271, 439
List the prime factors of 788062.
2, 11, 113, 317
List the prime factors of 38069529.
3, 53, 239431
What are the prime factors of 11598063?
3, 17, 71, 3203
List the prime factors of 7886231.
29, 271939
List the prime factors of 16474866.
2, 3, 41, 193, 347
List the prime factors of 12157.
12157
List the prime factors of 6881885.
5, 1376377
What are the prime factors of 891051?
3, 7, 151, 281
List the prime factors of 20942986.
2, 587, 17839
List the prime factors of 512773.
181, 2833
List the prime factors of 2982423.
3, 994141
What are the prime factors of 7735?
5, 7, 13, 17
List the prime factors of 1659389.
67, 24767
List the prime factors of 3587265.
3, 5, 11, 7247
List the prime factors of 243248.
2, 23, 661
List the prime factors of 3707605.
5, 11, 67411
List the prime factors of 782092.
2, 23, 8501
List the prime factors of 5040608.
2, 157519
What are the prime factors of 11062746?
2, 3, 29, 21193
What are the prime factors of 1407443?
37, 38039
List the prime factors of 4676723.
43, 108761
What are the prime factors of 500074?
2, 250037
What are the prime factors of 6123146?
2, 443, 6911
What are the prime factors of 273869?
47, 5827
List the prime factors of 473454.
2, 3, 29, 907
What are the prime factors of 847760?
2, 5, 10597
List the prime factors of 15485313.
3, 71, 72701
List the prime factors of 3006608.
2, 11, 1553
What are the prime factors of 212066?
2, 106033
List the prime factors of 605743.
103, 5881
List the prime factors of 55588.
2, 13, 1069
What are the prime factors of 1117852?
2, 17, 967
List the prime factors of 76492.
2, 13, 1471
List the prime factors of 86057.
47, 1831
What are the prime factors of 348972?
2, 3, 13, 2237
List the prime factors of 5614344.
2, 3, 77977
List the prime factors of 1317780.
2, 3, 5, 7321
What are the prime factors of 118908?
2, 3, 367
List the prime factors of 17732945.
5, 3546589
List the prime factors of 8116585.
5, 23, 163, 433
What are the prime factors of 7625244?
2, 3, 11, 61, 947
What are the prime factors of 17074165?
5, 23, 148471
What are the prime factors of 233617?
233617
List the prime factors of 903167.
97, 9311
What are the prime factors of 2065915?
5, 413183
What are the prime factors of 15825940?
2, 5, 13, 60869
What are the prime factors of 284329?
331, 859
What are the prime factors of 10055?
5, 2011
List the prime factors of 1926307.
151, 12757
What are the prime factors of 2453069?
1409, 1741
List the prime factors of 1384186.
2, 23, 30091
List the prime factors of 2558452.
2, 13, 49201
List the prime factors of 1446305.
5, 7, 31, 43
What are the prime factors of 12097924?
2, 3024481
What are the prime factors of 11097346?
2, 13, 367, 1163
What are the prime factors of 396113?
127, 3119
List the prime factors of 286013.
7, 13, 449
What are the prime factors of 512192?
2, 53, 151
What are the prime factors of 9012573?
3, 23, 631
List the prime factors of 20221434.
2, 3, 19, 19709
What are the prime factors of 18012193?
18012193
What are the prime factors of 668584?
2, 7, 11939
List the prime factors of 412610.
2, 5, 11, 31
What are the prime factors of 5310254?
2, 2655127
List the prime factors of 887625.
3, 5, 263
What are the prime factors of 680721?
3, 226907
What are the prime factors of 455934?
2, 3, 75989
What are the prime factors of 6512770?
2, 5, 11, 59207
What are the prime factors of 7353044?
2, 17, 71, 1523
What are the prime factors of 2661533?
7, 29, 1873
List the prime factors of 276791.
41, 43, 157
List the prime factors of 8740434.
2, 3, 1456739
What are the prime factors of 128524?
2, 11, 23, 127
What are the prime factors of 10417704?
2, 3, 11, 39461
What are the prime factors of 1436111?
1436111
List the prime factors of 3007312.
2, 7, 11, 2441
What are the prime factors of 27203?
11, 2473
List the prime factors of 282252.
2, 3, 43, 547
What are the prime factors of 298175?
5, 11927
What are the prime factors of 434509?
434509
List the prime factors of 531627.
3, 177209
What are the prime factors of 924443?
13, 17, 47, 89
List the prime factors of 302035.
5, 29, 2083
What are the prime factors of 8417179?
127, 191, 347
What are the prime factors of 156405?
3, 5, 10427
List the prime factors of 17399273.
503, 34591
What are the prime factors of 413759?
413759
What are the prime factors of 215056?
2, 13441
What are the prime factors of 18767049?
3, 7, 43, 2969
What are the prime factors of 763451?
13, 58727
What are the prime factors of 1020221?
17, 60013
List the prime factors of 12072738.
2, 3, 2012123
List the prime factors of 37929230.
2, 5, 797, 4759
List the prime factors of 14049702.
2, 3, 19, 41081
What are the prime factors of 9318626?
2, 19, 251, 977
List the prime factors of 157743.
3, 17, 1031
Lis